{"id":526,"date":"2021-01-09T13:34:12","date_gmt":"2021-01-09T12:34:12","guid":{"rendered":"https:\/\/www.lasido.de\/saitentrio\/wordpress\/?page_id=526"},"modified":"2021-01-22T10:38:25","modified_gmt":"2021-01-22T09:38:25","slug":"hoi","status":"publish","type":"page","link":"https:\/\/www.lasido.de\/saitentrio\/wordpress\/diskografie\/hoi\/","title":{"rendered":"Hoi!"},"content":{"rendered":"\n<figure class=\"wp-block-image size-large\"><a href=\"https:\/\/www.lasido.de\/saitentrio\/wordpress\/wp-content\/uploads\/2016\/10\/cropped-lt_hoi-1.jpg\"><img loading=\"lazy\" decoding=\"async\" width=\"1024\" height=\"1024\" src=\"https:\/\/www.lasido.de\/saitentrio\/wordpress\/wp-content\/uploads\/2016\/10\/cropped-lt_hoi-1-1024x1024.jpg\" alt=\"\" class=\"wp-image-180\" srcset=\"https:\/\/www.lasido.de\/saitentrio\/wordpress\/wp-content\/uploads\/2016\/10\/cropped-lt_hoi-1-1024x1024.jpg 1024w, https:\/\/www.lasido.de\/saitentrio\/wordpress\/wp-content\/uploads\/2016\/10\/cropped-lt_hoi-1-150x150.jpg 150w, https:\/\/www.lasido.de\/saitentrio\/wordpress\/wp-content\/uploads\/2016\/10\/cropped-lt_hoi-1-300x300.jpg 300w, https:\/\/www.lasido.de\/saitentrio\/wordpress\/wp-content\/uploads\/2016\/10\/cropped-lt_hoi-1-768x768.jpg 768w, https:\/\/www.lasido.de\/saitentrio\/wordpress\/wp-content\/uploads\/2016\/10\/cropped-lt_hoi-1-480x480.jpg 480w, https:\/\/www.lasido.de\/saitentrio\/wordpress\/wp-content\/uploads\/2016\/10\/cropped-lt_hoi-1-250x250.jpg 250w, https:\/\/www.lasido.de\/saitentrio\/wordpress\/wp-content\/uploads\/2016\/10\/cropped-lt_hoi-1-174x174.jpg 174w, https:\/\/www.lasido.de\/saitentrio\/wordpress\/wp-content\/uploads\/2016\/10\/cropped-lt_hoi-1.jpg 1600w\" sizes=\"auto, (max-width: 1024px) 100vw, 1024px\" \/><\/a><\/figure>\n\n\n\n<hr class=\"wp-block-separator\"\/>\n\n\n\n<p>Als CD erh\u00e4ltlich bei <a href=\"http:\/\/salteria.de\" target=\"_blank\" rel=\"noreferrer noopener\">salteria.de<\/a><\/p>\n\n\n\n<p>Als Stream h\u00f6rbar bei <a href=\"https:\/\/open.spotify.com\/album\/3bDAw3RtDde0h4tMOMXCq9?si=G9PQj5SuRV2wyb6bOFX9GA\" target=\"_blank\" rel=\"noreferrer noopener\">Spotify<\/a>, <a href=\"https:\/\/music.apple.com\/de\/album\/hoi\/1210283675\" target=\"_blank\" rel=\"noreferrer noopener\">Apple Music<\/a>, <a href=\"https:\/\/www.deezer.com\/de\/album\/15478238\" target=\"_blank\" rel=\"noreferrer noopener\">Deezer<\/a>, <a href=\"https:\/\/youtube.com\/playlist?list=OLAK5uy_lGGQ6-cOWUu3B1r4pAc_pkRQWzEeBgmJw\" target=\"_blank\" rel=\"noreferrer noopener\">YouTube<\/a><\/p>\n\n\n\n<p>Als Download erh\u00e4ltlich bei <a href=\"https:\/\/www.amazon.de\/Hoi-Lanzinger-Trio\/dp\/B06XBMRVQ8\" target=\"_blank\" rel=\"noreferrer noopener\">Amazon<\/a><\/p>\n\n\n\n<hr class=\"wp-block-separator\"\/>\n\n\n\n<p>01 <strong>Jahrmarkt der Zeiten<\/strong> (<em>Komal\u00e9 Akakpo<\/em>) &#8211; 4:35<br>02 <strong>Hubs Chra Uber<\/strong> (<em>J\u00f6rg Lanzinger<\/em>) &#8211; 4:42<br>03 <strong>Lechkiesbank Party Lounge<\/strong> (<em>Reinhard Schelzig<\/em>) &#8211; 4:10<br>04 <strong>Schbodifei<\/strong> (<em>J\u00f6rg Lanzinger<\/em>) &#8211; 4:26<br>05 <strong>Antonowka &#8211; Kolo im Apfelrhythmus<\/strong> (<em>J\u00f6rg Lanzinger<\/em>) &#8211; 2:30<br>06 <strong>Th\u00fcringer Waldzither Blues<\/strong> (<em>J\u00f6rg Lanzinger<\/em>) &#8211; 4:02<br>07 <strong>Captain Future sei Muedr<\/strong> (<em>Komal\u00e9 Akakpo<\/em>) &#8211; 3:28<br>08 <strong>Groove Inspector<\/strong> (<em>Reinhard Schelzig<\/em>) &#8211; 3:22<br>09 <strong>Yes, Saxons Are Running Wild In The Sabbath Theater!<\/strong> (<em>J\u00f6rg Lanzinger<\/em>) &#8211; 3:52<br>10 <strong>Bluat Zack<\/strong> (<em>J\u00f6rg Lanzinger<\/em>) &#8211; 3:10<br>11 <strong>Kaffee To Go Teil 1<\/strong> (<em>Komal\u00e9 Akakpo<\/em>) &#8211; 3:34<br>12 <strong>Kaffee To Go Teil 2<\/strong> (<em>Komal\u00e9 Akakpo<\/em>) &#8211; 1:43<br>13 <strong>Datschi Lin-Dee<\/strong> (<em>Reinhard Schelzig<\/em>) &#8211; 4:01<br>14 <strong>Helene googelt die Fischer<\/strong> (<em>J\u00f6rg Lanzinger<\/em>) &#8211; 3:06<br>15 <strong>Ein Fliegenpils im Regen<\/strong> (<em>J\u00f6rg Lanzinger<\/em>) &#8211; 5:10<br>16 <strong>Walzer f\u00fcr einen gelungenen Sonnenaufgang<\/strong> (<em>Komal\u00e9 Akakpo<\/em>) &#8211; 2:53<br>17 <strong>Da Habagaukl W\u00e5gk<\/strong> (<em>Reinhard Schelzig<\/em>) &#8211; 3:41<br>18 <strong>Der Kaliberg &#8211; Choral-Jodler mit Schleunigem<\/strong> (<em>J\u00f6rg Lanzinger<\/em>) &#8211; 2:55<br>19 <strong>Das letzte Bisschen<\/strong> (Ankl\u00e4nge &#8211; Auskl\u00e4nge) (<em>Komal\u00e9 Akakpo<\/em>) &#8211; 2:33<\/p>\n\n\n\n<hr class=\"wp-block-separator\"\/>\n\n\n\n<p><\/p>\n\n\n\n<hr class=\"wp-block-separator\"\/>\n\n\n\n<p><strong>Besetzung:<\/strong><br><em>Komal\u00e9 Akakpo<\/em> &#8211; Hackbrett<br><em>J\u00f6rg Lanzinger<\/em> &#8211; Zither<br><em>Reinhard Schelzig<\/em> &#8211; Gitarre<\/p>\n\n\n\n<p><strong>Aufnahme &amp; Produktion:<\/strong><br>September und Oktober 2014<br>Flying Cat Studio (Augsburg), Stulgio (M\u00fcnchen) und Cucumberstone Studio (Syrgenstein)<br>Mixing: <em>Lanzinger Trio<\/em>, <em>George Slacenger<\/em><br>Mastering: <em>Jens Tr\u00f6ndle<\/em> &#8211; <a rel=\"noreferrer noopener\" href=\"http:\/\/www.jenstroendle.de\" target=\"_blank\">www.jenstroendle.de<\/a><br>Artwork &amp; Fotos: <em>Marko Petz<\/em> &amp; <em>Julia Barton<\/em> <\/p>\n","protected":false},"excerpt":{"rendered":"<p>Als CD erh\u00e4ltlich bei salteria.de Als Stream h\u00f6rbar bei Spotify, Apple Music, Deezer, YouTube Als Download erh\u00e4ltlich bei Amazon 01 Jahrmarkt der Zeiten (Komal\u00e9 Akakpo) &#8211; 4:3502 Hubs Chra Uber (J\u00f6rg Lanzinger) &#8211; 4:4203 Lechkiesbank Party Lounge (Reinhard Schelzig) &#8211; 4:1004 Schbodifei (J\u00f6rg Lanzinger) &#8211; 4:2605 Antonowka &#8211; Kolo im Apfelrhythmus (J\u00f6rg Lanzinger) &#8211; 2:3006 [&hellip;]<\/p>\n","protected":false},"author":2,"featured_media":0,"parent":503,"menu_order":3,"comment_status":"closed","ping_status":"closed","template":"","meta":{"footnotes":""},"class_list":["post-526","page","type-page","status-publish","hentry"],"_links":{"self":[{"href":"https:\/\/www.lasido.de\/saitentrio\/wordpress\/wp-json\/wp\/v2\/pages\/526","targetHints":{"allow":["GET"]}}],"collection":[{"href":"https:\/\/www.lasido.de\/saitentrio\/wordpress\/wp-json\/wp\/v2\/pages"}],"about":[{"href":"https:\/\/www.lasido.de\/saitentrio\/wordpress\/wp-json\/wp\/v2\/types\/page"}],"author":[{"embeddable":true,"href":"https:\/\/www.lasido.de\/saitentrio\/wordpress\/wp-json\/wp\/v2\/users\/2"}],"replies":[{"embeddable":true,"href":"https:\/\/www.lasido.de\/saitentrio\/wordpress\/wp-json\/wp\/v2\/comments?post=526"}],"version-history":[{"count":5,"href":"https:\/\/www.lasido.de\/saitentrio\/wordpress\/wp-json\/wp\/v2\/pages\/526\/revisions"}],"predecessor-version":[{"id":572,"href":"https:\/\/www.lasido.de\/saitentrio\/wordpress\/wp-json\/wp\/v2\/pages\/526\/revisions\/572"}],"up":[{"embeddable":true,"href":"https:\/\/www.lasido.de\/saitentrio\/wordpress\/wp-json\/wp\/v2\/pages\/503"}],"wp:attachment":[{"href":"https:\/\/www.lasido.de\/saitentrio\/wordpress\/wp-json\/wp\/v2\/media?parent=526"}],"curies":[{"name":"wp","href":"https:\/\/api.w.org\/{rel}","templated":true}]}}